 9 + -10)) + -11?
2
What is the value of -7 + -1 - (-69 - -80 - 9)?
-10
What is (-8 - -9 - 16) + 19 + 6 + 0?
10
What is 75 - (-39 + 0 - (-1017 + 988))?
85
What is the value of (176 - 130) + -22 + 3 + (10 - (0 - 3))?
40
What is the value of -11 - (-81 + (1 - (25 + -5) - -9))?
80
Evaluate -10 + ((5 - 13) + 15 - 11).
-14
Calculate -11 + 26 + (34 - 36).
13
What is (-40 - -28) + (-1 - 9)?
-22
-19 - (17 + (17 - 62) + 5)
4
What is (-54 - 3) + 48 + 27?
18
Calculate (-60 - 52 - -56) + 14 + -1.
-43
Evaluate -6 - (34 + (-7 - (10 + -5))) - 13.
-41
What is the value of 3 + (-3 - (-10 + 3)) - ((44 - 48) + -25)?
36
Calculate (12 - (-82 + 64 - (-150 + -1))) + -9.
-130
What is (10 - 0) + -705 + 715 + (-6 - 0)?
14
((2 - 14) + 8 - (-4 - 1 - 7)) + 49
57
1 + 5 - (5 + (3 - 15 - -13 - -111))
-111
What is -23 - (46 + (54 - 67))?
-56
Calculate -86 - (18 - (-27 + 103)).
-28
Evaluate -3 - ((8 - 59) + 4 + (3 - 4)).
45
Evaluate (-2 - -6) + -17 - ((0 - -15) + -49).
21
What is -18 - (1220 + -1211 - (0 + 14))?
-13
What is (-114 - (-3 + 2)) + 1 + (-33 - -37)?
-108
What is the value of 2 + -30 + 18 + 5 - (0 + 0 + -85)?
80
What is (35 - (-51 + 48)) + -13?
25
What is the value of 20 - (-2 + -32 + 68)?
-14
Calculate 37 + (-50 - (-78 - -1)).
64
Calculate -36 - -55 - -86 - 40.
65
What is (4 - (32 + -16 - 10)) + 47 + 3 - 8?
40
Calculate (-13 - -7) + -2 + (-4 - 9 - -24).
3
63 + -214 + (-15 - -109)
-57
What is the value of -115 - (11 - 46 - 31)?
-49
What is the value of (1 - 49 - 20) + 106?
38
Evaluate (146 - (1 + 139)) + -99.
-93
-111 - (-84 + 37 + -17)
-47
35 - (-5 + (19 + -16 - -4) - (-1 - -5))
37
What is the value of 3 + -25 + -18 + 33 - 32?
-39
What is the value of 69 - (6 - -55 - -11)?
-3
What is the value of 7 + 34 + -77 - -69?
33
Evaluate 0 + -6 - (-45 + 29 + -10).
20
Calculate (-1 - ((-7 - -10) + 3)) + (-2 - (-4 + -6)).
1
Calculate -21 + 49 - 19 - -22 - (-4 - -1).
34
What is -49 - ((-55 - -71) + (-3 - 5))?
-57
What is -1 - (-83 + 122) - -43?
3
What is 113 - ((22 - 3) + (-32 - -39) + -15 + -3)?
105
What is the value of 23 + -1 + 0 + -13 + (136 - 59 - 61)?
25
Evaluate 9 + (-25 - (10 + 3 + -22)) + (-22 - -87).
58
Calculate (-4 - 0) + 61 + (-25 - (-14 + -3 - 8)).
57
What is -4 - 0 - (-5 + 28 - 18 - -8 - 4)?
-13
Calculate 1 + (-7 - -2) + (-28 - (20 + -9)).
-43
Evaluate -92 - (76 - (96 - 9)).
-81
What is 19 + 0 + (-128 - -70) + 43 + 68?
72
38 + 42 + -13 + 2 + 11 + -21
59
Evaluate 26 - -1 - ((142 - 249) + 101).
33
Evaluate -15 - (-5 + 2 - -1) - (-22 + 7 + -94).
96
(-17 - (36 - 30 - 65)) + -6 + (2 - 1)
37
70 + -57 + (3 - -12) + 5
33
What is the value of (-53 - -24) + 51 + 18?
40
What is the value of (10 - (0 - 0)) + 8 + -44 + (-47 - -44)?
-29
What is (-8 + 16 - -14) + -14 + 20?
28
What is (-40 - -33) + 51 + -11?
33
Calculate 0 + -5 + (-31 - -27) + (23 - (4 + 2)).
8
What is the value of -15 + -60 + 79 - (69 - (-3 + 2))?
-66
47 - 29 - 0 - (-3 - -60 - 0)
-39
18 + -162 + (52 - 29 - (10 + 0))
-131
Evaluate (-10 - -1) + (95 + -87 - (-12 - (-6 + 16))).
21
Calculate 39 + (-19 - 34) - (-8 - 0) - 10.
-16
1 - -13 - (-50 - -63 - -7) - -21
15
Calculate (21 + (38 - 56) - (3 - (1 + 0))) + -47.
-46
Calculate -7 + -27 + 11 + (-17 - -10) + 0 + 0.
-30
Evaluate (37 - 0) + 484 + -480 + 59.
100
5 + (95 + (13 - (52 + -26)) - (14 + 2))
71
Calculate 2 - (-2 - 16 - (-5 + (0 - 6))) - 3.
6
7 - 14 - (306 - 247)
-66
Evaluate 4 + -1 + (40 - 17 - 29 - (37 - 0)).
-40
Calculate (-7 - (5 - 0)) + 22 + 28 + -36.
2
-12 + -2 + (15 - (22 + 38)) + 6
-53
Calculate 69 + ((4 - 3) + 3 - -7) + -2 + -13.
65
Calculate -109 - (-14 + (29 - 22) + -5 - 8).
-89
Calculate -1 - (19 + -32) - (-1 - -60 - (-9 + 16)).
-40
What is (-36 - -39) + 115 + -124?
-6
Evaluate 6 - (14 + 14 + -2) - -16 - -24.
20
What is -37 - (-59 + (-7 - -34) - -45)?
-50
What is the value of -59 + -7 + (23 + -19 - 10) + 5 + 0?
-67
What is 71 - (17 + -7 + (-31 - (-16 - -4)) - -12)?
68
Calculate -7 + -7 + (1 - (12 - 27)).
2
Calculate 81 + (-3 - 11 - -4) + (-1 - 3 - -9).
76
What is the value of 2 - (15 - ((-43 - -35) + 10 + -3))?
-14
What is the value of (-23 - (57 + -35)) + -16?
-61
Evaluate -25 - -19 - (-39 + 24).
9
What is the value of -23 + (7 - (-6 - (16 + 2)))?
8
What is the value of -1 + -3 + 4 - 5 - (-15 + -82 + 205)?
-113
What is the value of (73 - 14) + (-5 - 22)?
32
Calculate (-29 - 91) + 153 + (-2 - -59).
90
Calculate (-16 - -9 - 6) + (71 - 69).
-11
Evaluate -8 - -10 - (65 - (-7 + -4 - -6)).
-68
41 - 24 - ((17 - 10) + -7)
17
33 - (-18 + (-3 - (-18 - -5)) + 12)
29
What is the value of 0 - (1 + -12 - (287 - 280))?
18
(-7 - -6) + -42 - (236 - 222)
-57
What is the value of (-162 - -209) + 1 + 0 + -8 + (-1 - -3)?
42
Calculate 131 - (-145 + 36 + 153).
87
Evaluate 15 + -1 + 0 + (-212 - (-124 - -18)).
-92
Evaluate -71 + (-3 - -4) + (699 - 688).
-59
What is 11 + 11 + -7 + -15 + (9 - 72)?
-63
What is -24 - (-34 - -14) - (1 - 0) - -49?
44
What is the value of -1 + 10 + 106 + -99 - 114?
-98
What is the value of 49 + (5 - 1) + (37 - 72) + 34?
52
What is the value of (0 + -4 - -13) + (-1 - (-9 + -9)) + -68?
-42
What is (210 - 225) + 20 + (2 - 5) + (77 - -2)?
81
Calculate -57 - (41 + -80 + 19 - 9).
-28
What is (3643 - 3646) + (52 + -1 - 3)?
45
Calculate (44 - -14) + (-77 - -15).
-4
58 + (-114 - -17) + -14
-53
What is the value of (3 - 0) + (35 + -21 - 1 - 32)?
-16
What is -4 + 19 + -50 + -2 + (-3 - -9)?
-31
(-6 - 19) + 50 + -24 + 0 + 33 + 2
36
Evaluate -46 + 5 + 1 + 24 - -3.
-13
(10 - 46) + -3 - -1 - (-1 - -16)
-53
What is 101 - (-101 - (-100 - 85))?
17
(338 - 340) + (3 - 0) + -37
-36
Calculate (-2 - 0) + 36 - (17 - (-9 + 13)).
21
47 + -51 + -96 + (1 - 4) + 2
-101
Evaluate -49 - 1 - -2 - (-20 - ((22 - 5) + -26)).
-37
(-380 - -384) + -6 + 87 + -1
84
Calculate 23 + 9 + -118 + 26 + 23.
-37
What is the value of -6 - 15 - (9 + 22 + -39) - (0 + -54)?
41
Evaluate 16438 + -16426 - (-1 - (-15 + -1)).
-3
-42 - (106 - 9 - (-150 + 173))
-116
Evaluate 55 + 22 + -46 + -17 - -30.
44
Evaluate (-1 - 7) + -17543 + 17426.
-125
30 + ((-13 - -7) + -2 - 10) + 10 - 4
18
(-15 - 19 - -29) + (-8 - (8 - 43))
22
Evaluate -25 + (-10 - 21) - (-5 - (-8 - -7)).
-52
What is the value of -26 - (-29 - (8 + -10))?
1
What is the value of (-9 - -7 - -3) + (9 - -5) + -13 + 34?
36
Calculate 1 - -5 - (-7 + 2) - (362 - 379).
28
Evaluate -2459 + 2525 - (44 - -1).
21
What is 21 + -13 + 8 + 0 + -5 + -10?
1
What is (253 - 289) + 14 + (9 - 11)?
-24
(-20 - 2) + (73 - 51) + -16
-16
58 - (1 + -13 + -2 + (13 - (-4 + 12)))
67
153 - ((30 - (12 - (7 - 5))) + 1 + -8)
140
What is the value of (9 - 25 - -30) + -24 + -1 + 58?
47
What is the value of 40 + -14 + -62 - -33 - (6 + 0)?
-9
Calculate -132 - -44 - -225 - 114.
23
What is the value of (-381 - -194) + 120 + -41?
-108
Calculate 56 - 5 - (40 - 42 - -7 - -11).
35
(35 - (16 + -10)) + -75
-46
What is the value of -26 + (10 - (4 + 11)) + 60?
29
What is -70 - ((-13 - -6) + 16 - 28)?
-51
What is 26 + ((-3 - -14) + -30 - (-25 + -3))?
35
What is the value of (-7 - (-11 + 6 + -1 + -4)) + -27?
-24
Evaluate -6 + 4 + 34 - (-86 + 180 - 89).
27
Calculate -1 + -49 + -23 + 0 + 46 + (-92 - -80).
-39
Calculate (-7 - 0) + 0 + (21 - 8) + 1 + -75.
-68
-1471 + 1512 - (6 + 112)
-77
Evaluate 80 + -62 + (1 - 3 - (-31 + 16)).
31
What is -14 + 48 + -47 - (7 + -4 + 7)?
-23
What is the value of 0 + 11 + 10 + -29 + 4 + 2?
-2
(-5 - (118 - 73)) + -4
-54
What is the value of (-146 - 28 - -149) + (5 - 1)?
-21
What is the value of 31 + (3 + 3 - -8) + (45 - 62)?
28
Evaluate (1 - 81 - (-1 - 34)) + 12 + -1.
-34
What is the value of 4 + -8 + 3 - ((3 - 12 - 17) + -12)?
37
Evaluate 32 + (14 - (-27 - -23) - 0).
50
What is -43 - (-37 - 6) - 38?
-38
Calculate 7 - (-39 - (-114 + 49)).
-19
What is the value of 50 + (-16 - (28 - -43))?
-37
(3 - (3 + -71) - (-875 - -885)) + -5
56
What is 13 - 11 - -1 - (-39 - (10 - (19 + 0)))?
33
Calculate 2 - (2 + 1) - -47 - (-5485 - -5502).
29
(-562 - -550) + -3 + -11
-26
Evaluate (1 - 49) + 6 + -1 - 4 - (-21 + 15).
-41
What is 20 + 34 + 8 + -18 - 22?
22
Evaluate (-38 - (0 - -15)) + 20 - (1 + -4).
-30
Calculate (16 - 21) + 10 + 3 + -5 + 21 - 6.
18
What is the value of -33 + (27 - -25) + -52?
-33
What is the value of (16 - 6 - 3 - -3) + (1 - (64 + -14))?
-39
What is -18 + -5 + 3 + (-2656 - -2639)?
-37
What is the value of 15 - 1 - (0 + -1) - (484 - 88 - 388)?
7
What is the value of -4